{"id":1476,"date":"2024-03-29T12:04:09","date_gmt":"2024-03-29T12:04:09","guid":{"rendered":"https:\/\/hidamek.ma\/?post_type=product&#038;p=1476"},"modified":"2024-03-31T01:15:08","modified_gmt":"2024-03-31T01:15:08","slug":"laine-de-roche","status":"publish","type":"product","link":"https:\/\/hidamek.ma\/?product=laine-de-roche","title":{"rendered":"Laine De Roche"},"content":{"rendered":"<p>La laine de roche est une solution isolante polyvalente et efficace pour les applications int\u00e9rieures et ext\u00e9rieures. Fabriqu\u00e9e \u00e0 partir de roche volcanique ou de basalte, elle offre une excellente r\u00e9sistance au feu et aux temp\u00e9ratures \u00e9lev\u00e9es, en plus d&#8217;assurer une isolation thermique et acoustique de qualit\u00e9 sup\u00e9rieure. Sa structure fibreuse permet une installation facile et flexible, s&#8217;adaptant parfaitement aux formes et aux contours des surfaces \u00e0 isoler. Disponible sous forme de panneaux ou en vrac, la laine de roche est un choix populaire pour les projets de construction et de r\u00e9novation r\u00e9sidentiels et commerciaux, offrant des performances durables et une protection contre les \u00e9l\u00e9ments ext\u00e9rieurs.<\/p>\n","protected":false},"excerpt":{"rendered":"<p>La laine de roche est une solution isolante polyvalente et efficace pour les applications int\u00e9rieures et ext\u00e9rieures. Fabriqu\u00e9e \u00e0 partir de roche volcanique ou de basalte, elle offre une excellente r\u00e9sistance au feu et aux temp\u00e9ratures \u00e9lev\u00e9es, en plus d&#8217;assurer une isolation thermique et acoustique de qualit\u00e9 sup\u00e9rieure. Sa structure fibreuse permet une installation facile &hellip;<\/p>\n<p class=\"read-more\"> <a class=\"\" href=\"https:\/\/hidamek.ma\/?product=laine-de-roche\"> <span class=\"screen-reader-text\">Laine De Roche<\/span> Lire la suite\u00a0\u00bb<\/a><\/p>\n","protected":false},"featured_media":1477,"comment_status":"open","ping_status":"closed","template":"","meta":{"site-sidebar-layout":"default","site-content-layout":"default","ast-main-header-display":"","ast-hfb-above-header-display":"","ast-hfb-below-header-display":"","ast-hfb-mobile-header-display":"","site-post-title":"","ast-breadcrumbs-content":"","ast-featured-img":"","footer-sml-layout":"","theme-transparent-header-meta":"default","adv-header-id-meta":"","stick-header-meta":"","header-above-stick-meta":"","header-main-stick-meta":"","header-below-stick-meta":""},"product_cat":[33],"product_tag":[],"class_list":{"0":"post-1476","1":"product","2":"type-product","3":"status-publish","4":"has-post-thumbnail","6":"product_cat-materiaux-disolation","8":"first","9":"instock","10":"taxable","11":"shipping-taxable","12":"product-type-simple"},"yoast_head":"<!-- This site is optimized with the Yoast SEO plugin v22.3 - https:\/\/yoast.com\/wordpress\/plugins\/seo\/ -->\n<title>Laine De Roche - HIDAMEK<\/title>\n<meta name=\"description\" content=\"La laine de roche est une solution isolante polyvalente et efficace pour les applications int\u00e9rieures et ext\u00e9rieures. Fabriqu\u00e9e \u00e0 partir de roche volcanique ou de basalte, elle offre une excellente r\u00e9sistance au feu et aux temp\u00e9ratures \u00e9lev\u00e9es, en plus d&#039;assurer une isolation thermique et acoustique de qualit\u00e9 sup\u00e9rieure. Sa structure fibreuse permet une installation facile et flexible, s&#039;adaptant parfaitement aux formes et aux contours des surfaces \u00e0 isoler. Disponible sous forme de panneaux ou en vrac, la laine de roche est un choix populaire pour les projets de construction et de r\u00e9novation r\u00e9sidentiels et commerciaux, offrant des performances durables et une protection contre les \u00e9l\u00e9ments ext\u00e9rieurs.\" \/>\n<meta name=\"robots\" content=\"index, follow, max-snippet:-1, max-image-preview:large, max-video-preview:-1\" \/>\n<link rel=\"canonical\" href=\"https:\/\/hidamek.ma\/?product=laine-de-roche\" \/>\n<meta property=\"og:locale\" content=\"fr_FR\" \/>\n<meta property=\"og:type\" content=\"article\" \/>\n<meta property=\"og:title\" content=\"Laine De Roche - HIDAMEK\" \/>\n<meta property=\"og:description\" content=\"La laine de roche est une solution isolante polyvalente et efficace pour les applications int\u00e9rieures et ext\u00e9rieures. Fabriqu\u00e9e \u00e0 partir de roche volcanique ou de basalte, elle offre une excellente r\u00e9sistance au feu et aux temp\u00e9ratures \u00e9lev\u00e9es, en plus d&#039;assurer une isolation thermique et acoustique de qualit\u00e9 sup\u00e9rieure. Sa structure fibreuse permet une installation facile et flexible, s&#039;adaptant parfaitement aux formes et aux contours des surfaces \u00e0 isoler. Disponible sous forme de panneaux ou en vrac, la laine de roche est un choix populaire pour les projets de construction et de r\u00e9novation r\u00e9sidentiels et commerciaux, offrant des performances durables et une protection contre les \u00e9l\u00e9ments ext\u00e9rieurs.\" \/>\n<meta property=\"og:url\" content=\"https:\/\/hidamek.ma\/?product=laine-de-roche\" \/>\n<meta property=\"og:site_name\" content=\"HIDAMEK\" \/>\n<meta property=\"article:modified_time\" content=\"2024-03-31T01:15:08+00:00\" \/>\n<meta property=\"og:image\" content=\"https:\/\/hidamek.ma\/wp-content\/uploads\/2024\/03\/isoler-parois.jpg\" \/>\n\t<meta property=\"og:image:width\" content=\"1080\" \/>\n\t<meta property=\"og:image:height\" content=\"720\" \/>\n\t<meta property=\"og:image:type\" content=\"image\/jpeg\" \/>\n<meta name=\"twitter:card\" content=\"summary_large_image\" \/>\n<meta name=\"twitter:label1\" content=\"Dur\u00e9e de lecture estim\u00e9e\" \/>\n\t<meta name=\"twitter:data1\" content=\"1 minute\" \/>\n<script type=\"application\/ld+json\" class=\"yoast-schema-graph\">{\"@context\":\"https:\/\/schema.org\",\"@graph\":[{\"@type\":\"WebPage\",\"@id\":\"https:\/\/hidamek.ma\/?product=laine-de-roche\",\"url\":\"https:\/\/hidamek.ma\/?product=laine-de-roche\",\"name\":\"Laine De Roche - HIDAMEK\",\"isPartOf\":{\"@id\":\"https:\/\/hidamek.ma\/#website\"},\"primaryImageOfPage\":{\"@id\":\"https:\/\/hidamek.ma\/?product=laine-de-roche#primaryimage\"},\"image\":{\"@id\":\"https:\/\/hidamek.ma\/?product=laine-de-roche#primaryimage\"},\"thumbnailUrl\":\"https:\/\/hidamek.ma\/wp-content\/uploads\/2024\/03\/isoler-parois.jpg\",\"datePublished\":\"2024-03-29T12:04:09+00:00\",\"dateModified\":\"2024-03-31T01:15:08+00:00\",\"description\":\"La laine de roche est une solution isolante polyvalente et efficace pour les applications int\u00e9rieures et ext\u00e9rieures. Fabriqu\u00e9e \u00e0 partir de roche volcanique ou de basalte, elle offre une excellente r\u00e9sistance au feu et aux temp\u00e9ratures \u00e9lev\u00e9es, en plus d'assurer une isolation thermique et acoustique de qualit\u00e9 sup\u00e9rieure. Sa structure fibreuse permet une installation facile et flexible, s'adaptant parfaitement aux formes et aux contours des surfaces \u00e0 isoler. Disponible sous forme de panneaux ou en vrac, la laine de roche est un choix populaire pour les projets de construction et de r\u00e9novation r\u00e9sidentiels et commerciaux, offrant des performances durables et une protection contre les \u00e9l\u00e9ments ext\u00e9rieurs.\",\"breadcrumb\":{\"@id\":\"https:\/\/hidamek.ma\/?product=laine-de-roche#breadcrumb\"},\"inLanguage\":\"fr-FR\",\"potentialAction\":[{\"@type\":\"ReadAction\",\"target\":[\"https:\/\/hidamek.ma\/?product=laine-de-roche\"]}]},{\"@type\":\"ImageObject\",\"inLanguage\":\"fr-FR\",\"@id\":\"https:\/\/hidamek.ma\/?product=laine-de-roche#primaryimage\",\"url\":\"https:\/\/hidamek.ma\/wp-content\/uploads\/2024\/03\/isoler-parois.jpg\",\"contentUrl\":\"https:\/\/hidamek.ma\/wp-content\/uploads\/2024\/03\/isoler-parois.jpg\",\"width\":1080,\"height\":720},{\"@type\":\"BreadcrumbList\",\"@id\":\"https:\/\/hidamek.ma\/?product=laine-de-roche#breadcrumb\",\"itemListElement\":[{\"@type\":\"ListItem\",\"position\":1,\"name\":\"Accueil\",\"item\":\"https:\/\/hidamek.ma\/\"},{\"@type\":\"ListItem\",\"position\":2,\"name\":\"Boutique\",\"item\":\"https:\/\/hidamek.ma\/?page_id=1348\"},{\"@type\":\"ListItem\",\"position\":3,\"name\":\"Laine De Roche\"}]},{\"@type\":\"WebSite\",\"@id\":\"https:\/\/hidamek.ma\/#website\",\"url\":\"https:\/\/hidamek.ma\/\",\"name\":\"HIDAMEK\",\"description\":\"Just another WordPress site\",\"publisher\":{\"@id\":\"https:\/\/hidamek.ma\/#organization\"},\"potentialAction\":[{\"@type\":\"SearchAction\",\"target\":{\"@type\":\"EntryPoint\",\"urlTemplate\":\"https:\/\/hidamek.ma\/?s={search_term_string}\"},\"query-input\":\"required name=search_term_string\"}],\"inLanguage\":\"fr-FR\"},{\"@type\":\"Organization\",\"@id\":\"https:\/\/hidamek.ma\/#organization\",\"name\":\"HIDAMEK\",\"url\":\"https:\/\/hidamek.ma\/\",\"logo\":{\"@type\":\"ImageObject\",\"inLanguage\":\"fr-FR\",\"@id\":\"https:\/\/hidamek.ma\/#\/schema\/logo\/image\/\",\"url\":\"https:\/\/hidamek.ma\/wp-content\/uploads\/2022\/03\/hidamek-logo.png\",\"contentUrl\":\"https:\/\/hidamek.ma\/wp-content\/uploads\/2022\/03\/hidamek-logo.png\",\"width\":1000,\"height\":299,\"caption\":\"HIDAMEK\"},\"image\":{\"@id\":\"https:\/\/hidamek.ma\/#\/schema\/logo\/image\/\"}}]}<\/script>\n<!-- \/ Yoast SEO plugin. -->","yoast_head_json":{"title":"Laine De Roche - HIDAMEK","description":"La laine de roche est une solution isolante polyvalente et efficace pour les applications int\u00e9rieures et ext\u00e9rieures. Fabriqu\u00e9e \u00e0 partir de roche volcanique ou de basalte, elle offre une excellente r\u00e9sistance au feu et aux temp\u00e9ratures \u00e9lev\u00e9es, en plus d'assurer une isolation thermique et acoustique de qualit\u00e9 sup\u00e9rieure. Sa structure fibreuse permet une installation facile et flexible, s'adaptant parfaitement aux formes et aux contours des surfaces \u00e0 isoler. Disponible sous forme de panneaux ou en vrac, la laine de roche est un choix populaire pour les projets de construction et de r\u00e9novation r\u00e9sidentiels et commerciaux, offrant des performances durables et une protection contre les \u00e9l\u00e9ments ext\u00e9rieurs.","robots":{"index":"index","follow":"follow","max-snippet":"max-snippet:-1","max-image-preview":"max-image-preview:large","max-video-preview":"max-video-preview:-1"},"canonical":"https:\/\/hidamek.ma\/?product=laine-de-roche","og_locale":"fr_FR","og_type":"article","og_title":"Laine De Roche - HIDAMEK","og_description":"La laine de roche est une solution isolante polyvalente et efficace pour les applications int\u00e9rieures et ext\u00e9rieures. Fabriqu\u00e9e \u00e0 partir de roche volcanique ou de basalte, elle offre une excellente r\u00e9sistance au feu et aux temp\u00e9ratures \u00e9lev\u00e9es, en plus d'assurer une isolation thermique et acoustique de qualit\u00e9 sup\u00e9rieure. Sa structure fibreuse permet une installation facile et flexible, s'adaptant parfaitement aux formes et aux contours des surfaces \u00e0 isoler. Disponible sous forme de panneaux ou en vrac, la laine de roche est un choix populaire pour les projets de construction et de r\u00e9novation r\u00e9sidentiels et commerciaux, offrant des performances durables et une protection contre les \u00e9l\u00e9ments ext\u00e9rieurs.","og_url":"https:\/\/hidamek.ma\/?product=laine-de-roche","og_site_name":"HIDAMEK","article_modified_time":"2024-03-31T01:15:08+00:00","og_image":[{"width":1080,"height":720,"url":"https:\/\/hidamek.ma\/wp-content\/uploads\/2024\/03\/isoler-parois.jpg","type":"image\/jpeg"}],"twitter_card":"summary_large_image","twitter_misc":{"Dur\u00e9e de lecture estim\u00e9e":"1 minute"},"schema":{"@context":"https:\/\/schema.org","@graph":[{"@type":"WebPage","@id":"https:\/\/hidamek.ma\/?product=laine-de-roche","url":"https:\/\/hidamek.ma\/?product=laine-de-roche","name":"Laine De Roche - HIDAMEK","isPartOf":{"@id":"https:\/\/hidamek.ma\/#website"},"primaryImageOfPage":{"@id":"https:\/\/hidamek.ma\/?product=laine-de-roche#primaryimage"},"image":{"@id":"https:\/\/hidamek.ma\/?product=laine-de-roche#primaryimage"},"thumbnailUrl":"https:\/\/hidamek.ma\/wp-content\/uploads\/2024\/03\/isoler-parois.jpg","datePublished":"2024-03-29T12:04:09+00:00","dateModified":"2024-03-31T01:15:08+00:00","description":"La laine de roche est une solution isolante polyvalente et efficace pour les applications int\u00e9rieures et ext\u00e9rieures. Fabriqu\u00e9e \u00e0 partir de roche volcanique ou de basalte, elle offre une excellente r\u00e9sistance au feu et aux temp\u00e9ratures \u00e9lev\u00e9es, en plus d'assurer une isolation thermique et acoustique de qualit\u00e9 sup\u00e9rieure. Sa structure fibreuse permet une installation facile et flexible, s'adaptant parfaitement aux formes et aux contours des surfaces \u00e0 isoler. Disponible sous forme de panneaux ou en vrac, la laine de roche est un choix populaire pour les projets de construction et de r\u00e9novation r\u00e9sidentiels et commerciaux, offrant des performances durables et une protection contre les \u00e9l\u00e9ments ext\u00e9rieurs.","breadcrumb":{"@id":"https:\/\/hidamek.ma\/?product=laine-de-roche#breadcrumb"},"inLanguage":"fr-FR","potentialAction":[{"@type":"ReadAction","target":["https:\/\/hidamek.ma\/?product=laine-de-roche"]}]},{"@type":"ImageObject","inLanguage":"fr-FR","@id":"https:\/\/hidamek.ma\/?product=laine-de-roche#primaryimage","url":"https:\/\/hidamek.ma\/wp-content\/uploads\/2024\/03\/isoler-parois.jpg","contentUrl":"https:\/\/hidamek.ma\/wp-content\/uploads\/2024\/03\/isoler-parois.jpg","width":1080,"height":720},{"@type":"BreadcrumbList","@id":"https:\/\/hidamek.ma\/?product=laine-de-roche#breadcrumb","itemListElement":[{"@type":"ListItem","position":1,"name":"Accueil","item":"https:\/\/hidamek.ma\/"},{"@type":"ListItem","position":2,"name":"Boutique","item":"https:\/\/hidamek.ma\/?page_id=1348"},{"@type":"ListItem","position":3,"name":"Laine De Roche"}]},{"@type":"WebSite","@id":"https:\/\/hidamek.ma\/#website","url":"https:\/\/hidamek.ma\/","name":"HIDAMEK","description":"Just another WordPress site","publisher":{"@id":"https:\/\/hidamek.ma\/#organization"},"potentialAction":[{"@type":"SearchAction","target":{"@type":"EntryPoint","urlTemplate":"https:\/\/hidamek.ma\/?s={search_term_string}"},"query-input":"required name=search_term_string"}],"inLanguage":"fr-FR"},{"@type":"Organization","@id":"https:\/\/hidamek.ma\/#organization","name":"HIDAMEK","url":"https:\/\/hidamek.ma\/","logo":{"@type":"ImageObject","inLanguage":"fr-FR","@id":"https:\/\/hidamek.ma\/#\/schema\/logo\/image\/","url":"https:\/\/hidamek.ma\/wp-content\/uploads\/2022\/03\/hidamek-logo.png","contentUrl":"https:\/\/hidamek.ma\/wp-content\/uploads\/2022\/03\/hidamek-logo.png","width":1000,"height":299,"caption":"HIDAMEK"},"image":{"@id":"https:\/\/hidamek.ma\/#\/schema\/logo\/image\/"}}]}},"_links":{"self":[{"href":"https:\/\/hidamek.ma\/index.php?rest_route=\/wp\/v2\/product\/1476","targetHints":{"allow":["GET"]}}],"collection":[{"href":"https:\/\/hidamek.ma\/index.php?rest_route=\/wp\/v2\/product"}],"about":[{"href":"https:\/\/hidamek.ma\/index.php?rest_route=\/wp\/v2\/types\/product"}],"replies":[{"embeddable":true,"href":"https:\/\/hidamek.ma\/index.php?rest_route=%2Fwp%2Fv2%2Fcomments&post=1476"}],"wp:featuredmedia":[{"embeddable":true,"href":"https:\/\/hidamek.ma\/index.php?rest_route=\/wp\/v2\/media\/1477"}],"wp:attachment":[{"href":"https:\/\/hidamek.ma\/index.php?rest_route=%2Fwp%2Fv2%2Fmedia&parent=1476"}],"wp:term":[{"taxonomy":"product_cat","embeddable":true,"href":"https:\/\/hidamek.ma\/index.php?rest_route=%2Fwp%2Fv2%2Fproduct_cat&post=1476"},{"taxonomy":"product_tag","embeddable":true,"href":"https:\/\/hidamek.ma\/index.php?rest_route=%2Fwp%2Fv2%2Fproduct_tag&post=1476"}],"curies":[{"name":"wp","href":"https:\/\/api.w.org\/{rel}","templated":true}]}}