{"id":1515,"date":"2024-03-31T02:39:25","date_gmt":"2024-03-31T02:39:25","guid":{"rendered":"https:\/\/hidamek.ma\/?post_type=product&#038;p=1515"},"modified":"2024-03-31T02:45:03","modified_gmt":"2024-03-31T02:45:03","slug":"membrane-acoustique","status":"publish","type":"product","link":"https:\/\/hidamek.ma\/?product=membrane-acoustique","title":{"rendered":"Membrane acoustique"},"content":{"rendered":"<p>La membrane acoustique est une solution sp\u00e9cialis\u00e9e con\u00e7ue pour r\u00e9duire la transmission du son \u00e0 travers les structures de construction. Fabriqu\u00e9e \u00e0 partir de mat\u00e9riaux tels que le caoutchouc, le bitume ou le PVC, cette membrane est install\u00e9e entre les diff\u00e9rentes couches de rev\u00eatement de sol, de mur ou de plafond pour absorber et dissiper les vibrations sonores. En plus d&#8217;am\u00e9liorer l&#8217;isolation acoustique, certaines membranes peuvent \u00e9galement offrir des avantages suppl\u00e9mentaires tels que l&#8217;\u00e9tanch\u00e9it\u00e9 \u00e0 l&#8217;humidit\u00e9 ou la r\u00e9sistance au feu. Polyvalente et facile \u00e0 installer, la membrane acoustique est utilis\u00e9e dans une vari\u00e9t\u00e9 d&#8217;applications r\u00e9sidentielles, commerciales et industrielles pour cr\u00e9er des environnements int\u00e9rieurs confortables et calmes.<\/p>\n","protected":false},"excerpt":{"rendered":"<p>La membrane acoustique est une solution sp\u00e9cialis\u00e9e con\u00e7ue pour r\u00e9duire la transmission du son \u00e0 travers les structures de construction. Fabriqu\u00e9e \u00e0 partir de mat\u00e9riaux tels que le caoutchouc, le bitume ou le PVC, cette membrane est install\u00e9e entre les diff\u00e9rentes couches de rev\u00eatement de sol, de mur ou de plafond pour absorber et dissiper &hellip;<\/p>\n<p class=\"read-more\"> <a class=\"\" href=\"https:\/\/hidamek.ma\/?product=membrane-acoustique\"> <span class=\"screen-reader-text\">Membrane acoustique<\/span> Lire la suite\u00a0\u00bb<\/a><\/p>\n","protected":false},"featured_media":1517,"comment_status":"open","ping_status":"closed","template":"","meta":{"site-sidebar-layout":"default","site-content-layout":"default","ast-main-header-display":"","ast-hfb-above-header-display":"","ast-hfb-below-header-display":"","ast-hfb-mobile-header-display":"","site-post-title":"","ast-breadcrumbs-content":"","ast-featured-img":"","footer-sml-layout":"","theme-transparent-header-meta":"default","adv-header-id-meta":"","stick-header-meta":"","header-above-stick-meta":"","header-main-stick-meta":"","header-below-stick-meta":""},"product_cat":[33],"product_tag":[],"class_list":{"0":"post-1515","1":"product","2":"type-product","3":"status-publish","4":"has-post-thumbnail","6":"product_cat-materiaux-disolation","8":"first","9":"instock","10":"taxable","11":"shipping-taxable","12":"product-type-simple"},"yoast_head":"<!-- This site is optimized with the Yoast SEO plugin v22.3 - https:\/\/yoast.com\/wordpress\/plugins\/seo\/ -->\n<title>Membrane acoustique - HIDAMEK<\/title>\n<meta name=\"description\" content=\"La membrane acoustique est une solution sp\u00e9cialis\u00e9e con\u00e7ue pour r\u00e9duire la transmission du son \u00e0 travers les structures de construction. Fabriqu\u00e9e \u00e0 partir de mat\u00e9riaux tels que le caoutchouc, le bitume ou le PVC, cette membrane est install\u00e9e entre les diff\u00e9rentes couches de rev\u00eatement de sol, de mur ou de plafond pour absorber et dissiper les vibrations sonores. En plus d&#039;am\u00e9liorer l&#039;isolation acoustique, certaines membranes peuvent \u00e9galement offrir des avantages suppl\u00e9mentaires tels que l&#039;\u00e9tanch\u00e9it\u00e9 \u00e0 l&#039;humidit\u00e9 ou la r\u00e9sistance au feu. Polyvalente et facile \u00e0 installer, la membrane acoustique est utilis\u00e9e dans une vari\u00e9t\u00e9 d&#039;applications r\u00e9sidentielles, commerciales et industrielles pour cr\u00e9er des environnements int\u00e9rieurs confortables et calmes.\" \/>\n<meta name=\"robots\" content=\"index, follow, max-snippet:-1, max-image-preview:large, max-video-preview:-1\" \/>\n<link rel=\"canonical\" href=\"https:\/\/hidamek.ma\/?product=membrane-acoustique\" \/>\n<meta property=\"og:locale\" content=\"fr_FR\" \/>\n<meta property=\"og:type\" content=\"article\" \/>\n<meta property=\"og:title\" content=\"Membrane acoustique - HIDAMEK\" \/>\n<meta property=\"og:description\" content=\"La membrane acoustique est une solution sp\u00e9cialis\u00e9e con\u00e7ue pour r\u00e9duire la transmission du son \u00e0 travers les structures de construction. Fabriqu\u00e9e \u00e0 partir de mat\u00e9riaux tels que le caoutchouc, le bitume ou le PVC, cette membrane est install\u00e9e entre les diff\u00e9rentes couches de rev\u00eatement de sol, de mur ou de plafond pour absorber et dissiper les vibrations sonores. En plus d&#039;am\u00e9liorer l&#039;isolation acoustique, certaines membranes peuvent \u00e9galement offrir des avantages suppl\u00e9mentaires tels que l&#039;\u00e9tanch\u00e9it\u00e9 \u00e0 l&#039;humidit\u00e9 ou la r\u00e9sistance au feu. Polyvalente et facile \u00e0 installer, la membrane acoustique est utilis\u00e9e dans une vari\u00e9t\u00e9 d&#039;applications r\u00e9sidentielles, commerciales et industrielles pour cr\u00e9er des environnements int\u00e9rieurs confortables et calmes.\" \/>\n<meta property=\"og:url\" content=\"https:\/\/hidamek.ma\/?product=membrane-acoustique\" \/>\n<meta property=\"og:site_name\" content=\"HIDAMEK\" \/>\n<meta property=\"article:modified_time\" content=\"2024-03-31T02:45:03+00:00\" \/>\n<meta property=\"og:image\" content=\"https:\/\/hidamek.ma\/wp-content\/uploads\/2024\/03\/La-membrane-acoustique.jpg\" \/>\n\t<meta property=\"og:image:width\" content=\"352\" \/>\n\t<meta property=\"og:image:height\" content=\"216\" \/>\n\t<meta property=\"og:image:type\" content=\"image\/jpeg\" \/>\n<meta name=\"twitter:card\" content=\"summary_large_image\" \/>\n<meta name=\"twitter:label1\" content=\"Dur\u00e9e de lecture estim\u00e9e\" \/>\n\t<meta name=\"twitter:data1\" content=\"1 minute\" \/>\n<script type=\"application\/ld+json\" class=\"yoast-schema-graph\">{\"@context\":\"https:\/\/schema.org\",\"@graph\":[{\"@type\":\"WebPage\",\"@id\":\"https:\/\/hidamek.ma\/?product=membrane-acoustique\",\"url\":\"https:\/\/hidamek.ma\/?product=membrane-acoustique\",\"name\":\"Membrane acoustique - HIDAMEK\",\"isPartOf\":{\"@id\":\"https:\/\/hidamek.ma\/#website\"},\"primaryImageOfPage\":{\"@id\":\"https:\/\/hidamek.ma\/?product=membrane-acoustique#primaryimage\"},\"image\":{\"@id\":\"https:\/\/hidamek.ma\/?product=membrane-acoustique#primaryimage\"},\"thumbnailUrl\":\"https:\/\/hidamek.ma\/wp-content\/uploads\/2024\/03\/La-membrane-acoustique.jpg\",\"datePublished\":\"2024-03-31T02:39:25+00:00\",\"dateModified\":\"2024-03-31T02:45:03+00:00\",\"description\":\"La membrane acoustique est une solution sp\u00e9cialis\u00e9e con\u00e7ue pour r\u00e9duire la transmission du son \u00e0 travers les structures de construction. Fabriqu\u00e9e \u00e0 partir de mat\u00e9riaux tels que le caoutchouc, le bitume ou le PVC, cette membrane est install\u00e9e entre les diff\u00e9rentes couches de rev\u00eatement de sol, de mur ou de plafond pour absorber et dissiper les vibrations sonores. En plus d'am\u00e9liorer l'isolation acoustique, certaines membranes peuvent \u00e9galement offrir des avantages suppl\u00e9mentaires tels que l'\u00e9tanch\u00e9it\u00e9 \u00e0 l'humidit\u00e9 ou la r\u00e9sistance au feu. Polyvalente et facile \u00e0 installer, la membrane acoustique est utilis\u00e9e dans une vari\u00e9t\u00e9 d'applications r\u00e9sidentielles, commerciales et industrielles pour cr\u00e9er des environnements int\u00e9rieurs confortables et calmes.\",\"breadcrumb\":{\"@id\":\"https:\/\/hidamek.ma\/?product=membrane-acoustique#breadcrumb\"},\"inLanguage\":\"fr-FR\",\"potentialAction\":[{\"@type\":\"ReadAction\",\"target\":[\"https:\/\/hidamek.ma\/?product=membrane-acoustique\"]}]},{\"@type\":\"ImageObject\",\"inLanguage\":\"fr-FR\",\"@id\":\"https:\/\/hidamek.ma\/?product=membrane-acoustique#primaryimage\",\"url\":\"https:\/\/hidamek.ma\/wp-content\/uploads\/2024\/03\/La-membrane-acoustique.jpg\",\"contentUrl\":\"https:\/\/hidamek.ma\/wp-content\/uploads\/2024\/03\/La-membrane-acoustique.jpg\",\"width\":352,\"height\":216},{\"@type\":\"BreadcrumbList\",\"@id\":\"https:\/\/hidamek.ma\/?product=membrane-acoustique#breadcrumb\",\"itemListElement\":[{\"@type\":\"ListItem\",\"position\":1,\"name\":\"Accueil\",\"item\":\"https:\/\/hidamek.ma\/\"},{\"@type\":\"ListItem\",\"position\":2,\"name\":\"Boutique\",\"item\":\"https:\/\/hidamek.ma\/?page_id=1348\"},{\"@type\":\"ListItem\",\"position\":3,\"name\":\"Membrane acoustique\"}]},{\"@type\":\"WebSite\",\"@id\":\"https:\/\/hidamek.ma\/#website\",\"url\":\"https:\/\/hidamek.ma\/\",\"name\":\"HIDAMEK\",\"description\":\"Just another WordPress site\",\"publisher\":{\"@id\":\"https:\/\/hidamek.ma\/#organization\"},\"potentialAction\":[{\"@type\":\"SearchAction\",\"target\":{\"@type\":\"EntryPoint\",\"urlTemplate\":\"https:\/\/hidamek.ma\/?s={search_term_string}\"},\"query-input\":\"required name=search_term_string\"}],\"inLanguage\":\"fr-FR\"},{\"@type\":\"Organization\",\"@id\":\"https:\/\/hidamek.ma\/#organization\",\"name\":\"HIDAMEK\",\"url\":\"https:\/\/hidamek.ma\/\",\"logo\":{\"@type\":\"ImageObject\",\"inLanguage\":\"fr-FR\",\"@id\":\"https:\/\/hidamek.ma\/#\/schema\/logo\/image\/\",\"url\":\"https:\/\/hidamek.ma\/wp-content\/uploads\/2022\/03\/hidamek-logo.png\",\"contentUrl\":\"https:\/\/hidamek.ma\/wp-content\/uploads\/2022\/03\/hidamek-logo.png\",\"width\":1000,\"height\":299,\"caption\":\"HIDAMEK\"},\"image\":{\"@id\":\"https:\/\/hidamek.ma\/#\/schema\/logo\/image\/\"}}]}<\/script>\n<!-- \/ Yoast SEO plugin. -->","yoast_head_json":{"title":"Membrane acoustique - HIDAMEK","description":"La membrane acoustique est une solution sp\u00e9cialis\u00e9e con\u00e7ue pour r\u00e9duire la transmission du son \u00e0 travers les structures de construction. Fabriqu\u00e9e \u00e0 partir de mat\u00e9riaux tels que le caoutchouc, le bitume ou le PVC, cette membrane est install\u00e9e entre les diff\u00e9rentes couches de rev\u00eatement de sol, de mur ou de plafond pour absorber et dissiper les vibrations sonores. En plus d'am\u00e9liorer l'isolation acoustique, certaines membranes peuvent \u00e9galement offrir des avantages suppl\u00e9mentaires tels que l'\u00e9tanch\u00e9it\u00e9 \u00e0 l'humidit\u00e9 ou la r\u00e9sistance au feu. Polyvalente et facile \u00e0 installer, la membrane acoustique est utilis\u00e9e dans une vari\u00e9t\u00e9 d'applications r\u00e9sidentielles, commerciales et industrielles pour cr\u00e9er des environnements int\u00e9rieurs confortables et calmes.","robots":{"index":"index","follow":"follow","max-snippet":"max-snippet:-1","max-image-preview":"max-image-preview:large","max-video-preview":"max-video-preview:-1"},"canonical":"https:\/\/hidamek.ma\/?product=membrane-acoustique","og_locale":"fr_FR","og_type":"article","og_title":"Membrane acoustique - HIDAMEK","og_description":"La membrane acoustique est une solution sp\u00e9cialis\u00e9e con\u00e7ue pour r\u00e9duire la transmission du son \u00e0 travers les structures de construction. Fabriqu\u00e9e \u00e0 partir de mat\u00e9riaux tels que le caoutchouc, le bitume ou le PVC, cette membrane est install\u00e9e entre les diff\u00e9rentes couches de rev\u00eatement de sol, de mur ou de plafond pour absorber et dissiper les vibrations sonores. En plus d'am\u00e9liorer l'isolation acoustique, certaines membranes peuvent \u00e9galement offrir des avantages suppl\u00e9mentaires tels que l'\u00e9tanch\u00e9it\u00e9 \u00e0 l'humidit\u00e9 ou la r\u00e9sistance au feu. Polyvalente et facile \u00e0 installer, la membrane acoustique est utilis\u00e9e dans une vari\u00e9t\u00e9 d'applications r\u00e9sidentielles, commerciales et industrielles pour cr\u00e9er des environnements int\u00e9rieurs confortables et calmes.","og_url":"https:\/\/hidamek.ma\/?product=membrane-acoustique","og_site_name":"HIDAMEK","article_modified_time":"2024-03-31T02:45:03+00:00","og_image":[{"width":352,"height":216,"url":"https:\/\/hidamek.ma\/wp-content\/uploads\/2024\/03\/La-membrane-acoustique.jpg","type":"image\/jpeg"}],"twitter_card":"summary_large_image","twitter_misc":{"Dur\u00e9e de lecture estim\u00e9e":"1 minute"},"schema":{"@context":"https:\/\/schema.org","@graph":[{"@type":"WebPage","@id":"https:\/\/hidamek.ma\/?product=membrane-acoustique","url":"https:\/\/hidamek.ma\/?product=membrane-acoustique","name":"Membrane acoustique - HIDAMEK","isPartOf":{"@id":"https:\/\/hidamek.ma\/#website"},"primaryImageOfPage":{"@id":"https:\/\/hidamek.ma\/?product=membrane-acoustique#primaryimage"},"image":{"@id":"https:\/\/hidamek.ma\/?product=membrane-acoustique#primaryimage"},"thumbnailUrl":"https:\/\/hidamek.ma\/wp-content\/uploads\/2024\/03\/La-membrane-acoustique.jpg","datePublished":"2024-03-31T02:39:25+00:00","dateModified":"2024-03-31T02:45:03+00:00","description":"La membrane acoustique est une solution sp\u00e9cialis\u00e9e con\u00e7ue pour r\u00e9duire la transmission du son \u00e0 travers les structures de construction. Fabriqu\u00e9e \u00e0 partir de mat\u00e9riaux tels que le caoutchouc, le bitume ou le PVC, cette membrane est install\u00e9e entre les diff\u00e9rentes couches de rev\u00eatement de sol, de mur ou de plafond pour absorber et dissiper les vibrations sonores. En plus d'am\u00e9liorer l'isolation acoustique, certaines membranes peuvent \u00e9galement offrir des avantages suppl\u00e9mentaires tels que l'\u00e9tanch\u00e9it\u00e9 \u00e0 l'humidit\u00e9 ou la r\u00e9sistance au feu. Polyvalente et facile \u00e0 installer, la membrane acoustique est utilis\u00e9e dans une vari\u00e9t\u00e9 d'applications r\u00e9sidentielles, commerciales et industrielles pour cr\u00e9er des environnements int\u00e9rieurs confortables et calmes.","breadcrumb":{"@id":"https:\/\/hidamek.ma\/?product=membrane-acoustique#breadcrumb"},"inLanguage":"fr-FR","potentialAction":[{"@type":"ReadAction","target":["https:\/\/hidamek.ma\/?product=membrane-acoustique"]}]},{"@type":"ImageObject","inLanguage":"fr-FR","@id":"https:\/\/hidamek.ma\/?product=membrane-acoustique#primaryimage","url":"https:\/\/hidamek.ma\/wp-content\/uploads\/2024\/03\/La-membrane-acoustique.jpg","contentUrl":"https:\/\/hidamek.ma\/wp-content\/uploads\/2024\/03\/La-membrane-acoustique.jpg","width":352,"height":216},{"@type":"BreadcrumbList","@id":"https:\/\/hidamek.ma\/?product=membrane-acoustique#breadcrumb","itemListElement":[{"@type":"ListItem","position":1,"name":"Accueil","item":"https:\/\/hidamek.ma\/"},{"@type":"ListItem","position":2,"name":"Boutique","item":"https:\/\/hidamek.ma\/?page_id=1348"},{"@type":"ListItem","position":3,"name":"Membrane acoustique"}]},{"@type":"WebSite","@id":"https:\/\/hidamek.ma\/#website","url":"https:\/\/hidamek.ma\/","name":"HIDAMEK","description":"Just another WordPress site","publisher":{"@id":"https:\/\/hidamek.ma\/#organization"},"potentialAction":[{"@type":"SearchAction","target":{"@type":"EntryPoint","urlTemplate":"https:\/\/hidamek.ma\/?s={search_term_string}"},"query-input":"required name=search_term_string"}],"inLanguage":"fr-FR"},{"@type":"Organization","@id":"https:\/\/hidamek.ma\/#organization","name":"HIDAMEK","url":"https:\/\/hidamek.ma\/","logo":{"@type":"ImageObject","inLanguage":"fr-FR","@id":"https:\/\/hidamek.ma\/#\/schema\/logo\/image\/","url":"https:\/\/hidamek.ma\/wp-content\/uploads\/2022\/03\/hidamek-logo.png","contentUrl":"https:\/\/hidamek.ma\/wp-content\/uploads\/2022\/03\/hidamek-logo.png","width":1000,"height":299,"caption":"HIDAMEK"},"image":{"@id":"https:\/\/hidamek.ma\/#\/schema\/logo\/image\/"}}]}},"_links":{"self":[{"href":"https:\/\/hidamek.ma\/index.php?rest_route=\/wp\/v2\/product\/1515","targetHints":{"allow":["GET"]}}],"collection":[{"href":"https:\/\/hidamek.ma\/index.php?rest_route=\/wp\/v2\/product"}],"about":[{"href":"https:\/\/hidamek.ma\/index.php?rest_route=\/wp\/v2\/types\/product"}],"replies":[{"embeddable":true,"href":"https:\/\/hidamek.ma\/index.php?rest_route=%2Fwp%2Fv2%2Fcomments&post=1515"}],"wp:featuredmedia":[{"embeddable":true,"href":"https:\/\/hidamek.ma\/index.php?rest_route=\/wp\/v2\/media\/1517"}],"wp:attachment":[{"href":"https:\/\/hidamek.ma\/index.php?rest_route=%2Fwp%2Fv2%2Fmedia&parent=1515"}],"wp:term":[{"taxonomy":"product_cat","embeddable":true,"href":"https:\/\/hidamek.ma\/index.php?rest_route=%2Fwp%2Fv2%2Fproduct_cat&post=1515"},{"taxonomy":"product_tag","embeddable":true,"href":"https:\/\/hidamek.ma\/index.php?rest_route=%2Fwp%2Fv2%2Fproduct_tag&post=1515"}],"curies":[{"name":"wp","href":"https:\/\/api.w.org\/{rel}","templated":true}]}}